et j = 25 + 103. Suppose 4*b - j = 5*m, -6*b + 3*b + 96 = -5*m. Let o be 348/22 + (-6)/(-33). Calculate the highest common divisor of o and b.
16
Let t be (-680)/24 + (-1)/(-3). Let w = t - -57. Calculate the greatest common divisor of w and 58.
29
Let a be 24/((-6)/(-8)*2). Let j be 1*a + (-2 - 0). Let d be (-24)/(-2)*(-14)/(-4). Calculate the greatest common factor of d and j.
14
Let n = -13 - -19. Let i = -33 - -48. Let j be (162/i)/(2/10). Calculate the greatest common factor of j and n.
6
Suppose -b + 27 + 75 = 2*w, -4*w = -3*b + 356. Calculate the highest common divisor of b and 14.
14
Let h(q) be the first derivative of -q**4/4 - q**3/3 + 2*q**2 + q - 2. Let p be h(-3). What is the highest common divisor of 56 and p?
7
Let m = -100 + 200. What is the greatest common divisor of 25 and m?
25
Suppose 0 = -o + 143 - 138. Calculate the highest common factor of o and 15.
5
Suppose 2*j = 3*c - 7, -2 = -0*j - 2*j. Suppose 5*x = c*x + 64. Suppose 164 = 3*a - 5*p, 49 = a - 3*p - 11. Calculate the highest common factor of a and x.
16
Suppose 0*y = -2*y + 176. What is the highest common divisor of y and 22?
22
Let o be 3 - 0 - 1 - -2. Suppose 0*q + o*v + 116 = 4*q, 0 = -4*q - v + 96. What is the greatest common factor of 5 and q?
5
Let t = -23 + 48. Suppose 3*o - t = 5*z + 40, 135 = 5*o + 5*z. Calculate the highest common factor of o and 25.
25
Suppose -f + 3*f = -3*z - 3, 0 = -3*f + 5*z + 5. Suppose -4*m + 46 + 14 = f. Let q = m + -6. What is the highest common factor of q and 45?
9
Suppose -3*m = -5 + 2. Let n(b) = -b**3 + 2*b**2 + b + 0*b**2 - m + 3*b**2. Let p be n(4). Calculate the highest common divisor of 95 and p.
19
Let j = 12 - 5. What is the highest common factor of j and 63?
7
Let n = 36 + -1. Calculate the greatest common divisor of 175 and n.
35
Let h(j) be the first derivative of -12*j**2 + j + 2. Let a be h(-2). Suppose 4*t = t + 21. What is the greatest common divisor of t and a?
7
Let b(x) = x**2 + 8*x - 7. Let i be b(7). Let c be 0 + (7 - (-1 + 2)). Let y be c/33 - (-152)/11. Calculate the greatest common divisor of i and y.
14
Let o = -135 + 162. Calculate the highest common factor of 135 and o.
27
Suppose -o + 0*o - 1 = b, b = -4*o - 7. Calculate the highest common divisor of 1 and b.
1
Suppose 0 = 5*z + j - 4 + 5, -4*z = -3*j - 3. Suppose z*r = 3*r - 33. Calculate the highest common divisor of 11 and r.
11
Let f = 9 - 15. Let j be 49/3 + 2/f. Let r be j*(2 - (2 + -1)). What is the greatest common factor of r and 4?
4
Let p(n) = 2*n**2 - 7*n + 6. Let f be p(4). Let w = 12 + -6. Let k be ((-16)/w + 3)*75. What is the greatest common factor of f and k?
5
Let p = -17 - -49. Calculate the highest common factor of 4 and p.
4
Let h(d) be the third derivative of 7*d**4/6 + 2*d**2. Let k be h(1). Suppose -84 = -3*m + m. Calculate the greatest common divisor of k and m.
14
Suppose 5*s - 55 = -3*j, -6*j + 9 = -5*j - 3*s. Suppose -j = t - 45. Let g be 6/(-6*(-1)/20). Calculate the highest common factor of g and t.
10
Let f be (1 + -13)*414/(-12). Suppose -5*h + f = 4*w - 1079, 6 = 3*w. Suppose -3*n + h = -0*n. Calculate the highest common divisor of n and 9.
9
Let h be (34/(-3))/((-26)/39). What is the greatest common factor of h and 153?
17
Let k be (-1)/1 - (6 + -34). What is the greatest common factor of k and 108?
27
Let d be ((-22)/(-5))/(2/50). Let t(j) = -2*j - 4. Let l be t(-7). What is the highest common factor of d and l?
10
Let s(d) = -d + 6. Let a(k) = k + 2. Let l be a(-6). Let u = -1 - l. Let r be s(u). Calculate the highest common factor of 2 and r.
1
Let q(x) = 31*x - 58. Let s be q(10). Calculate the greatest common factor of s and 28.
28
Suppose 0*x - 5*f = -2*x + 61, -f = -2*x + 73. What is the highest common divisor of x and 342?
38
Let t = -3 - -7. What is the highest common factor of 1 and t?
1
Let k be 126 + (-2)/(-2)*-1. Suppose 5*w = a - 70, -12*w + 9*w = 5*a - 238. Calculate the greatest common factor of k and a.
25
Suppose 68 = 2*h - 4*u, -h - u + 17 + 5 = 0. Let l = 38 - h. What is the greatest common divisor of 4 and l?
4
Let k(c) = c**3 - 40*c**2 + 78*c - 28. Let w be k(38). Let l = 10 - -2. What is the greatest common factor of l and w?
12
Let b be (-2)/(-8) + 645/12. What is the greatest common divisor of 36 and b?
18
Let b be -5 + 3 - (-16 - 1). Suppose -18*x + 189 = -b*x. Calculate the greatest common divisor of x and 7.
7
Let r be 3/15 - (-536)/20. What is the greatest common factor of 36 and r?
9
Let g be (-4)/18 + (-2600)/(-36). Suppose t = m - 7, -3*t + 7*t - 53 = -5*m. What is the greatest common factor of g and m?
9
Suppose -4*f + 2*o = -325 + 61, 3*f + 5*o = 224. Suppose -v - 3*v + f = 0. What is the highest common factor of 68 and v?
17
Suppose -7*x + 2*x + 40 = 0. What is the greatest common divisor of 16 and x?
8
Let m be (-54)/(-4)*(-80)/(-15). Suppose 2*f - m = u, 12 = 2*u + u. What is the highest common divisor of 19 and f?
19
Let n be 3*(-4)/(36/(-57)). Suppose 0*i + 95 = 5*i. Calculate the highest common factor of n and i.
19
Let v(x) = -x**3 + 8*x**2 + 6*x - 10. Let j be v(7). Suppose -o = -4*o + j. Calculate the greatest common factor of 9 and o.
9
Suppose 2*c + 13 = 43. Suppose -18 = -5*n - 3. What is the greatest common factor of c and n?
3
Suppose -39 = -3*q + 18. Suppose 4*v = -3*k + 106, -8*k + 10*k - 4*v - 84 = 0. Calculate the greatest common divisor of q and k.
19
Let s be (6/4)/(3/6). Suppose -3*u - 2*u + 123 = 4*c, s*u = -2*c + 75. Suppose -54 = -4*t + t. Calculate the highest common divisor of t and u.
9
Let c(p) = -p - 4. Let k be c(0). Let o = -2 - -9. Let y = o + k. Calculate the highest common divisor of y and 27.
3
Suppose -n - 6 = 33. Let q = n + 71. What is the greatest common factor of 48 and q?
16
Let h be 10/((-2)/(-2)) - 3. Suppose 5*p = 3*t + 63, 5*p - h*t + 2*t - 65 = 0. Calculate the greatest common factor of p and 12.
12
Let r(t) = 4 + 5*t**2 - 5*t**2 + 3*t**2 - 3 - t**3 + 5*t. Let h be r(4). What is the highest common factor of h and 5?
5
Let x(q) = -6*q**3 - 2*q**2 + 2*q + 3. Let b be x(-2). Calculate the greatest common divisor of b and 13.
13
Let c be ((-40)/(-80))/((-2)/(-408)). Calculate the highest common divisor of 6 and c.
6
Let o(w) = -8 - w + 3*w - w. Let d be o(7). Let z(v) = -13*v**3 + 2*v**2 + v. Let j be z(d). What is the highest common divisor of 14 and j?
14
Let t be (-284)/6 - (-2)/(-3). Let f be (t/9)/((-2)/15). Suppose -4*x - 108 = 4*w - 5*w, 0 = -2*w - 3*x + 194. Calculate the highest common factor of w and f.
20
Let f be (-4)/12 + (-4)/(-3) - -132. Calculate the greatest common divisor of f and 19.
19
Let n = 14 + -5. Suppose j + n = 2*j. Calculate the greatest common divisor of j and 45.
9
Let y be (-58)/(-2) - (-1 + 3). Suppose -72 = -7*l + 3*l. Calculate the highest common divisor of y and l.
9
Let v(f) = -4*f**3 - f**2 - 3. Let b = 3 + -6. Let y be v(b). What is the highest common divisor of y and 12?
12
Let r be (-1 - 1 - -1)*-2. What is the highest common factor of 8 and r?
2
Let z = 9 + 11. Let r be ((-12)/(-5))/(6/z). What is the greatest common divisor of r and 64?
8
Let v be 1 - (-12)/4 - 3. Suppose 0 = -2*h + v + 1. What is the highest common factor of 2 and h?
1
Let d be (0 + (0 - -1))*2. Suppose -k + 4*k = 9. Suppose -2*s - 2*s - 8 = -4*i, -k*i = 4*s - 20. Calculate the highest common factor of i and d.
2
Suppose -4*k + 2256 = -2*k. Suppose 3*m = -0*m + k. Suppose -r - 5*v + 116 = 0, -4*r + 5*v + m = 3*v. What is the highest common factor of 12 and r?
12
Let p = -3 - -6. Let z = 14 + 10. What is the greatest common divisor of z and p?
3
Suppose 185 = 5*j - 90. Suppose 2*t = -y + 25, -4*t + 40 = -4*y + 8. Calculate the greatest common factor of t and j.
11
Let r(h) = 5*h - 1. Suppose 0 = -2*d + 4*d - 8, 2*d = 3*k - 1. Let b be r(k). Let x = -25 - -46. What is the highest common factor of x and b?
7
Let r be 77/35 + (-2)/10. What is the greatest common divisor of r and 2?
2
Suppose -t = 3*v - v - 12, 0 = -4*t + 16. Let h(q) = 2*q + 4. Let x be ((-2)/(-4))/((-1)/(-12)). Let z be h(x). What is the greatest common divisor of z and v?
4
Let z = -12 + 19. Let u be (z/(-14))/((-1)/12). What is the greatest common factor of u and 3?
3
Suppose -3*p - 14 = -56. Let f be (1*-1)/((-3)/(-147)). Let l = f + 70. What is the greatest common